).
33
Let x(v) = -2*v + 1. Let r(d) = -1. Let b(p) = -6*r(p) - x(p). Let w be (10 + -1)*(245/21 + -12). What is b(w)?
-1
Suppose -2*b + 5*b + 12 = 0. Let f(c) = -3*c**3 + 6*c**2 - 11*c + 1. Let t(i) = -7*i**3 + 15*i**2 - 27*i + 3. Let p(q) = 12*f(q) - 5*t(q). What is p(b)?
1
Let h(l) = l**3 - l**2 + 3. Suppose 4 = -2*p + 4*b, -3*p + 5*b - b - 2 = 0. Let u be h(p). Let q(d) = -u + d**3 + 76*d + 0*d**2 - 75*d - 5*d**2. What is q(5)?
-2
Let o(v) = v**3 + 14*v**2 + 16*v - 27. Let c(k) = -k**2 + 52*k + 536. Let t be c(-9). Calculate o(t).
-66
Let i(r) = -r**3 + 3*r - 1. Let q be 632/(-56) - 4/(-14). Let t be -3 - 175/(-55) - (-24)/q. Let d be (t/(-3))/((-3)/(-9)). Give i(d).
-3
Let v(z) be the third derivative of z**5/24 - z**4/24 - 61*z**3/6 - 93*z**2. Let d(o) be the first derivative of v(o). Determine d(3).
14
Let w(d) = -d**3 + 6*d**2 - 4*d + 7. Suppose -117 = -p + 2*o, -4*o + 2*o = 5*p - 621. Suppose 15*n = -p + 1353. Let r = n + -76. Calculate w(r).
-17
Let p be ((-42)/9)/(4*3/(-54)). Let n be (-1 - p/3) + 2. Let h(k) = -6*k**2 - 9*k - 1. Let v(z) = 11*z**2 + 18*z + 2. Let o(x) = 7*h(x) + 4*v(x). What is o(n)?
19
Let m(j) be the third derivative of j**5/60 - j**4/24 + 7*j**3/3 - 5*j**2. Let q(o) = 7*o**2 - 3*o + 14. Let v be q(3). Let h = v + -68. What is m(h)?
14
Let d(s) = s**3 + 5*s**2 - 7*s - 13. Suppose 16*m - 85 - 459 = 0. Suppose 0 = -m*i - 62 - 142. Give d(i).
-7
Suppose 46 = -4*r - p, -5*r + 2*p + 117 = 168. Let s(m) = 4*m**2 + 43*m - 3. Give s(r).
8
Let x = 26068 - 26086. Let h(w) = 2*w**2 + 34*w - 16. What is h(x)?
20
Let a(r) = -r**2 + 50*r + 279. Let l be a(55). Let z(d) = 7*d**2 - 22*d + 1. What is z(l)?
25
Let d(b) = -b**2 - 12*b - 8. Let o(y) = y**2 + 11*y + 7. Let s(p) = 3*d(p) + 2*o(p). Let g(z) = 12*z**2 + 18*z - 924. Let f be g(8). Give s(f).
14
Suppose 823 - 1635 = 4*z - 820. Let a(q) = -41*q + 76. What is a(z)?
-6
Let r(g) = 5*g**2 - 5*g + 37. Let i(a) = a**2 + a + 4. Let j(n) = -4*i(n) + r(n). Calculate j(4).
1
Let l(p) be the second derivative of p**3/6 - 55*p**2/2 - 175*p - 5. Determine l(-5).
-60
Let c(v) = -2*v**3 - 2. Suppose 0 = -4*r - 8, 4*r + 134 = 5*s - 84. Suppose 44*d - 42*d = -88. Let o = s + d. Calculate c(o).
14
Let d(o) be the third derivative of -o**7/1260 - o**6/360 - o**5/120 + 23*o**4/24 - o**3/6 - 173*o**2. Let r(f) be the second derivative of d(f). What is r(-2)?
-5
Let z(u) = -14*u. Let j(q) = 17*q. Let h(m) = 5*j(m) + 6*z(m). Let s be h(-7). Let b(r) = -r**2 - 4*r - 1. Determine b(s).
-22
Suppose 0 = f - 3 - 0. Let m(n) = 3*n**3 + 6*n**3 - 8*n**3 - n + 6*n**2 + f. Let x(d) = -6*d**3 + d**2 - 1. Let s be x(1). Determine m(s).
9
Let u be (-1)/(2 - 3)*6. Let o be -2 + u + 2 + -2. Let d(x) = 53*x + 8. Let k(l) = -74*l - 11. Let m(r) = 7*d(r) + 5*k(r). Determine m(o).
5
Suppose -13*z + 10*z + 9 = 0. Let s(t) be the second derivative of t**3/6 - 2*t**2 - 56*t. Give s(z).
-1
Let f(v) = 2*v + 58 - 74 - 16*v - 25*v + 186. Give f(5).
-25
Let u = 477 - 189. Let m be 1/(-7) + u/56. Let x(o) = 2 - 6*o**2 + o**3 + 2 + 3*o - 5. What is x(m)?
-11
Let i(d) = -2*d + 2. Let f(k) = 2*k**2 + 6*k - 12. Let l be f(-6). Let m be (3/4 + l/(-32))/2. Suppose m = -32*n + 31*n + 3. Determine i(n).
-4
Suppose 11*q - 12 = 4*h - 3, -2*q - 3*h + 24 = 0. Let m(k) = -13*k - 2. Let o(f) = -4*f - 1. Let g(t) = -2*m(t) + 7*o(t). Determine g(q).
-9
Suppose -5*k = -b + 13, -3*k - 1 = 5*b - 10. Let g(r) = 6*r + b - 8*r - 7. Let a = -292 - -286. Calculate g(a).
8
Let r(y) = -19*y**2 - 53*y - 72. Let x(b) = -16*b**2 - 40*b - 72. Let f(l) = 5*r(l) - 6*x(l). What is f(22)?
6
Let q(d) be the third derivative of d**5/60 - 35*d**4/24 + 5*d**3/3 + 3931*d**2. Determine q(33).
-56
Let s(y) = -15*y**3 + 16*y**2 + 26*y + 1. Let a(p) = 13*p**3 - 15*p**2 - 25*p - 3. Let b(w) = 7*a(w) + 6*s(w). Determine b(11).
18
Let b(h) = -2*h**2 - 18*h - 34. Let r be b(-4). Suppose 0 = r*x - 9 + 27. Let v(w) = -w**3 + 0*w**2 + 2*w - 1 - 3*w**2 - w. What is v(x)?
-4
Let x(f) = -2 - 11*f - 4 + 704*f**2 + 715*f**2 - 1429*f**2 + f**3. Calculate x(11).
-6
Let a be (35/4 - 8) + (-99)/(-12). Let k(w) = w**2 - 2*w - 70. What is k(a)?
-7
Let v(j) be the third derivative of j**6/60 - 17*j**5/30 - j**4/8 + 35*j**3/6 - 484*j**2 - 2*j - 2. Give v(17).
-16
Let t(r) = r**2 + 2. Let l(q) be the first derivative of q**4/4 + 13*q**3/3 - 4*q**2 - 102*q - 155. Let u be l(-13). What is t(u)?
6
Let w(t) = t**3 - 3*t**2 - 4*t + 5. Let s be w(4). Let h(o) be the third derivative of 1/12*o**4 + 0 - 1/60*o**5 - 50*o**2 + 0*o - 1/6*o**3. Give h(s).
-16
Let m(p) be the first derivative of 1/4*p**4 + 2*p**2 - p**3 - p - 1. Let z = -190 - -193. What is m(z)?
11
Let k(z) = -2*z + 2. Suppose -2*s + 240 = 18*s. Suppose 40 = 22*t - s*t. What is k(t)?
-6
Let q(s) = -11*s**2 - 42*s + 166. Let u(y) = -13*y**2 - 43*y + 166. Let o(i) = -6*q(i) + 5*u(i). What is o(-41)?
-2
Let d(q) = -5*q**2 + 154*q - 47. Let n(x) = -3*x**2 + 104*x - 30. Let u(j) = -5*d(j) + 7*n(j). Determine u(10).
5
Let f(b) = -3*b**3 - 5*b**2 - 4*b + 2. Let w(j) = -j**2 - j + 1. Let r = -10 + 13. Let q(u) = r*w(u) - f(u). What is q(-2)?
-17
Let v(f) = 9*f + 22. Let q(t) = 9*t + 16. Let s(a) = -5*q(a) + 6*v(a). Give s(-8).
-20
Let d(t) = -t**3 + 4*t**2 - 3*t + 3. Suppose 4*a = 4*x + 64, 5*a + 5*x = -0*x + 40. Suppose -4*s + a = -s. Determine d(s).
-9
Let o = 36229 + -36229. Let c(p) be the first derivative of -p**2/2 - 4*p - 3. What is c(o)?
-4
Let t(j) = -5*j + 5. Let r(z) = z - 1. Let k(u) = 4*r(u) + t(u). Let o = 1003 - 1007. Give k(o).
5
Let h(r) = -4*r + 1. Let y be h(-4). Let p(v) = -2 - y + v + 9 - 6. What is p(0)?
-16
Let m(n) = n**2 - 21*n + 35. Let i = -275 - -294. Let o be m(i). Let k(a) = -a**3 - 4*a**2 - 1. Determine k(o).
-10
Let t(o) = 859*o - 20620. Let k be t(24). Let l(c) be the second derivative of 5*c**3/6 + 2*c**2 - c. Give l(k).
-16
Let o(p) = 3*p**2 - p. Let u(b) = 5*b - 16. Let h(t) = -14*t + 47. Let i(r) = 6*h(r) + 17*u(r). Let v be i(-4). Suppose -v = z - 4*z. What is o(z)?
10
Let f(b) = -164*b - 21. Let r(t) = 112*t + 22. Let v(c) = 2*f(c) + 3*r(c). Give v(6).
72
Let q(x) = -13*x + 376*x**3 + 43 - 19*x**2 - 9*x - 375*x**3. Let r be q(20). Let c(m) = m**2 - 2*m. What is c(r)?
3
Let p(b) = -46*b + 101*b - 2*b**3 + b**3 - 46*b + 9*b**2 + 2*b**3 + 3. Determine p(-8).
-5
Let v(z) = -z**2 + 8*z + 1. Let b(d) = -d + 14. Let s(l) = -b(l) - v(l). Calculate s(6).
-21
Let a(z) = z**2 - 5*z - 14. Let i(f) be the third derivative of f**5/60 + 4*f**4/3 + 7*f**3/6 - 4*f**2 - 9*f. Let s be i(-32). Give a(s).
0
Suppose 5*m = -6*l + 9, 65*l - 67*l = m - 1. Let x(r) = -22*r + 3. Give x(m).
-63
Let r(g) be the third derivative of -g**6/120 + 7*g**5/60 - g**4/4 + g**2. Suppose -36 = -2*d - 3*m, 4 = 2*d - 30*m + 29*m. Determine r(d).
0
Suppose -6 = 2*y + 2*f - 2, 4*y - 5*f + 35 = 0. Let s = 70 + -66. Let l(x) = -4*x - x**2 - x**2 + x**2 - s + 6. What is l(y)?
-3
Let t(f) be the first derivative of 5*f - 1/3*f**3 - 160 + 3*f**2. Determine t(5).
10
Let s(z) = 14*z - 124. Let h be s(9). Let v(m) = 4*m - 36. Let x(u) = 2. Let k(d) = h*v(d) + 36*x(d). Give k(2).
16
Let w(c) = 89*c**3 - 24*c**2 + 5*c - 23. Let s(m) = -41*m**3 + 12*m**2 - 2*m + 12. Let l(o) = -13*s(o) - 6*w(o). What is l(-12)?
30
Suppose -3*d = 4*v - 35, v - 2*v - 4*d = 1. Let c(o) = -92*o**2 - 55*o - 23. Let z(r) = 29*r**2 + 18*r + 7. Let q(l) = -6*c(l) - 19*z(l). Determine q(v).
-6
Let w(f) = f**2 - 46*f + 351. Let l be w(36). Let d(k) = k**3 + 11*k**2 + 17*k + 6. Give d(l).
15
Let x = 0 - -20. Suppose -4*o = -j - x, -j = -2*o + 4*j + 28. Let w(l) = -5*l - 26. Let q(u) = 3*u + 13. Let d(y) = o*w(y) + 7*q(y). Give d(6).
-7
Let t(r) = 5*r**2 + 3*r + 23. Let h be t(-7). Let k be (-50)/(-6) - (h/39 - 6). Let a(q) = q - 7. Give a(k).
1
Let c(y) = -1172*y + 571*y + 597*y + 34. What is c(-5)?
54
Let f(n) = -n**2 + 21*n + 449. Let m be f(-13). Let i(y) = 2*y**2 - 5*y - 4. Let u be i(4). Let z(j) = -2 + u + 2*j - 3*j. Determine z(m).
-1
Let i be (2315/(-15) + 8)/(1/3). Let z = i + 441. Let v(c) = c**2 + c. Let r(o) = -6*o**2 - 5*o + 1. Let a(h) = r(h) + 3*v(h). What is a(z)?
-15
Let o(g) = 35*g**2 - 2*g - 16. Let x(j) = -6*j**2 + j + 2. Let q(b) = -o(b) - 6*x(b). Calculate q(3).
1
Let n(r) = -r**3 - r**2 - 7*r - 5. Suppose 774*j + 136 + 1412 = 0. Determine n(j).
13
Suppose